 of 341632835?
3
What is the hundreds digit of 1995119234?
2
What is the tens digit of 84989366?
6
What is the hundred thousands digit of 90402503?
4
What is the hundreds digit of 90301132?
1
What is the units digit of 4493985?
5
What is the thousands digit of 1115740813?
0
What is the hundred millions digit of 516237280?
5
What is the thousands digit of 1314853623?
3
What is the hundreds digit of 45444573?
5
What is the tens digit of 83034669?
6
What is the ten thousands digit of 498581080?
8
What is the hundreds digit of 54254058?
0
What is the units digit of 645828839?
9
What is the hundred thousands digit of 51253873?
2
What is the hundred thousands digit of 38357096?
3
What is the hundreds digit of 1884571251?
2
What is the thousands digit of 526875545?
5
What is the units digit of 18419840?
0
What is the thousands digit of 2762810163?
0
What is the units digit of 932528730?
0
What is the ten millions digit of 999308336?
9
What is the units digit of 245052091?
1
What is the thousands digit of 1067070282?
0
What is the ten thousands digit of 406557568?
5
What is the thousands digit of 453879251?
9
What is the ten millions digit of 146051223?
4
What is the millions digit of 3286505040?
6
What is the units digit of 701451448?
8
What is the hundred millions digit of 2228277241?
2
What is the millions digit of 175586561?
5
What is the ten thousands digit of 71834020?
3
What is the hundreds digit of 320859090?
0
What is the units digit of 65237564?
4
What is the millions digit of 119417126?
9
What is the hundreds digit of 925177029?
0
What is the hundreds digit of 89735802?
8
What is the hundreds digit of 1462009862?
8
What is the thousands digit of 150460928?
0
What is the ten thousands digit of 1292654165?
5
What is the billions digit of 2177592982?
2
What is the hundreds digit of 396322987?
9
What is the thousands digit of 935580271?
0
What is the tens digit of 109973802?
0
What is the hundred thousands digit of 17150645?
1
What is the units digit of 36801780?
0
What is the ten thousands digit of 2760152814?
5
What is the units digit of 189077862?
2
What is the hundred thousands digit of 7615729?
6
What is the millions digit of 197156567?
7
What is the millions digit of 594070299?
4
What is the tens digit of 30286097?
9
What is the units digit of 21867720?
0
What is the ten thousands digit of 30874363?
7
What is the units digit of 80447962?
2
What is the ten thousands digit of 33886506?
8
What is the hundreds digit of 220806198?
1
What is the hundred millions digit of 1636689001?
6
What is the millions digit of 1217139937?
7
What is the units digit of 652546002?
2
What is the hundred thousands digit of 92019402?
0
What is the hundreds digit of 5068777981?
9
What is the hundred millions digit of 181404877?
1
What is the thousands digit of 315418525?
8
What is the thousands digit of 7867609?
7
What is the thousands digit of 3652095432?
5
What is the tens digit of 588026606?
0
What is the millions digit of 342763711?
2
What is the ten thousands digit of 275034642?
3
What is the ten thousands digit of 1182080323?
8
What is the ten millions digit of 1063272877?
6
What is the units digit of 227353284?
4
What is the hundreds digit of 140251235?
2
What is the ten millions digit of 189305788?
8
What is the tens digit of 1766036363?
6
What is the thousands digit of 112771129?
1
What is the ten thousands digit of 881416793?
1
What is the millions digit of 99656404?
9
What is the ten millions digit of 1147687744?
4
What is the hundreds digit of 55550351?
3
What is the units digit of 18542334?
4
What is the hundred millions digit of 336339706?
3
What is the hundred millions digit of 1380042419?
3
What is the hundreds digit of 3184422851?
8
What is the thousands digit of 176247292?
7
What is the hundred millions digit of 283425162?
2
What is the hundreds digit of 1839374552?
5
What is the ten millions digit of 7603539857?
0
What is the hundred thousands digit of 18940728?
9
What is the hundreds digit of 1297882060?
0
What is the ten millions digit of 71320303?
7
What is the ten thousands digit of 1222491985?
9
What is the ten thousands digit of 87280771?
8
What is the tens digit of 208736856?
5
What is the units digit of 29279095?
5
What is the hundred thousands digit of 130357486?
3
What is the millions digit of 13802966?
3
What is the thousands digit of 1314791481?
1
What is the hundreds digit of 2236228544?
5
What is the millions digit of 2693745205?
3
What is the thousands digit of 62839649?
9
What is the millions digit of 187198371?
7
What is the tens digit of 1016135?
3
What is the hundreds digit of 25166430?
4
What is the ten thousands digit of 20871307?
7
What is the millions digit of 922385558?
2
What is the hundreds digit of 186074993?
9
What is the millions digit of 2184598810?
4
What is the thousands digit of 62928936?
8
What is the ten millions digit of 203161391?
0
What is the ten millions digit of 93896431?
9
What is the units digit of 187732686?
6
What is the ten millions digit of 958482451?
5
What is the millions digit of 248741499?
8
What is the ten thousands digit of 1207060590?
6
What is the hundreds digit of 466048844?
8
What is the hundreds digit of 113400665?
6
What is the tens digit of 2047738271?
7
What is the tens digit of 1358763803?
0
What is the ten millions digit of 541859217?
4
What is the hundreds digit of 1383328276?
2
What is the hundred thousands digit of 2016522052?
5
What is the hundred thousands digit of 1448580806?
5
What is the tens digit of 3098497363?
6
What is the hundreds digit of 992487406?
4
What is the thousands digit of 40568517?
8
What is the ten thousands digit of 516913124?
1
What is the billions digit of 2988986670?
2
What is the tens digit of 87427214?
1
What is the hundred thousands digit of 333144836?
1
What is the hundreds digit of 28656709?
7
What is the units digit of 19444580?
0
What is the millions digit of 646820327?
6
What is the ten thousands digit of 140975281?
7
What is the billions digit of 1527126592?
1
What is the hundreds digit of 102220510?
5
What is the ten millions digit of 160066291?
6
What is the ten millions digit of 253793727?
5
What is the ten thousands digit of 168842348?
4
What is the tens digit of 4042013?
1
What is the hundreds digit of 24176085?
0
What is the units digit of 279564473?
3
What is the billions digit of 4342166405?
4
What is the hundreds digit of 4988069?
0
What is the billions digit of 1921847200?
1
What is the ten thousands digit of 23008734?
0
What is the ten thousands digit of 101397798?
9
What is the ten millions digit of 79991602?
7
What is the hundred thousands digit of 1456617036?
6
What is the tens digit of 22306465?
6
What is the millions digit of 530395662?
0
What is the hundreds digit of 32624587?
5
What is the hundred thousands digit of 158575247?
5
What is the units digit of 76409395?
5
What is the hundreds digit of 47106000?
0
What is the tens digit of 19743105?
0
What is the billions digit of 1742325172?
1
What is the tens digit of 37433884?
8
What is the thousands digit of 3279279?
9
What is the ten thousands digit of 5502852?
0
What is the tens digit of 70506263?
6
What is the hundred thousands digit of 39546459?
5
What is the thousands digit of 1045996187?
6
What is the thousands digit of 519159462?
9
What is the ten millions digit of 52907490?
5
What is the thousands digit of 196138714?
8
What is the ten millions digit of 18704104?
1
What is the ten millions digit of 70834509?
7
What is the ten thousands digit of 1087874782?
7
What is the hundreds digit of 233619653?
6
What is the thousands digit of 560055954?
5
What is the thousands digit of 457240472?
0
What is the hundreds digit of 840375967?
9
What is the thousands digit of 112228731?
8
What is the ten thousands digit of 68392911?
9
What is the hundreds digit of 103052287?
2
What is the hundreds digit of 398357968?
9
What is the billions digit of 3940055762?
3
What is the millions digit of 8953766019?
3
What is the tens digit of 204431816?
1
What is the ten thousands digit of 195690527?
9
What is the hundreds digit of 2223524?
5
What is the hundred millions digit of 176582613?
1
What is the thousands digit of 12574780?
4
What is the ten thousands digit of 142044568?
4
What is the uni